 common divisor of 84 and p.
12
Suppose 1484 = -35*n + 38*n + 4*y, 0 = 7*n - y - 3380. Calculate the highest common factor of 2684 and n.
44
Suppose -6*b - 96*b + 163 + 41 = 0. What is the highest common factor of 2134 and b?
2
Let s(d) = 1908*d - 9444. Let b be s(5). What is the highest common divisor of 9084 and b?
12
Let c be 0/((-11)/((-22)/4)). Suppose c = -0*g - 4*g + a + 124, 2*g + 4*a - 44 = 0. Let j be (15/1)/(2/6). What is the highest common divisor of g and j?
15
Let k(m) = -2*m + 6. Let p be k(-13). Let o = -224 + p. Let g be (-10)/(-55) - o/33. Calculate the highest common factor of g and 48.
6
Let s be 4/(-36) + (-2272)/288 + 120. Calculate the highest common factor of 679 and s.
7
Suppose -18*z = -31*z - 101*z + 2680938. Calculate the highest common divisor of z and 402.
201
Let r(i) = i**2 + 2*i - 59. Let u be r(-11). Suppose -6 = 2*x - 30. Suppose -t - 5*k + 15 = 0, k = 5*t - x - 11. What is the highest common divisor of t and u?
5
Let u(c) = -2942*c**2 + 15*c - 1 - 6 + 2955*c**2. Let d be u(-7). Calculate the greatest common divisor of d and 75.
75
Suppose 5*r - 3*o = 1621, r - 4*o = -2*r + 977. Let h be ((-4)/(-6))/((-172)/(-57) - 3). Calculate the greatest common factor of h and r.
19
Let t(f) = 41*f - 1495. Let y be t(37). What is the greatest common divisor of y and 13739?
11
Let o be ((-120)/18)/(1460/366 - 28/7). What is the greatest common factor of 732 and o?
122
Let f = 29439 + -29211. What is the greatest common divisor of f and 17442?
114
Suppose 0 = -p - l + 144, -7*l + 55 = -p + 263. Calculate the greatest common divisor of p and 7676.
76
Let j = 932 + -666. Suppose -7968*m + 7982*m = 196. Calculate the highest common divisor of m and j.
14
Let n be 2 + 15/3 - -1. Suppose n*g = 3*g - 15. Let p be 6 + g + -3 + -1 + 3. What is the highest common divisor of 16 and p?
2
Suppose 3*h + 134 = 2*h. Let d be (-2 + h)/((-12)/6). Suppose -10 = -2*p - 12, 0 = 2*l - p - 35. What is the greatest common factor of d and l?
17
Let m(v) be the third derivative of v**6/120 + v**5/12 - 13*v**4/24 + 11*v**3/3 + 49*v**2. Let j be m(-7). Calculate the highest common divisor of j and 285.
15
Suppose -2*k = 4*c - 88, k = -5*c + 10*c + 58. Calculate the greatest common factor of 2484 and k.
12
Let a(w) = -w**2 - 8*w + 8401. Let b be a(-93). What is the highest common factor of b and 310?
62
Suppose 2*y - o + 3 = 0, -2*o - 6 - 12 = 2*y. Let r be -6 + 7 + (-296)/y. What is the greatest common factor of 45 and r?
15
Let y be ((55/4)/5)/(13/52). Let z(l) = 21*l**2 + 6*l - 8. Let h be z(2). What is the highest common factor of y and h?
11
Let t(g) = 76*g**2 + g. Let o be t(-1). Let s be 44 - ((-2768)/(-346) - 6/(-1)). What is the highest common divisor of o and s?
15
Let p = -1684 - -2108. Calculate the highest common divisor of p and 159.
53
Let o be ((-183)/6 - -10)*-20. Let h be (150/(-40))/(6/(-16)). Calculate the highest common factor of o and h.
10
Suppose -3*d = 88 - 211. Suppose l + d = -16*c + 18*c, 5*c - 120 = -l. Calculate the greatest common factor of 437 and c.
23
Suppose -3*c = 3*j - 111, -c - 465*j = -466*j - 29. Calculate the highest common divisor of c and 21.
3
Let f(o) = o**3 + 13*o**2 - o - 6. Let l be f(-6). Suppose -9*k = -k - 416. Suppose -k*g = -48*g - 144. Calculate the greatest common factor of l and g.
36
Suppose -26589*s = -26580*s - 3780. Calculate the greatest common factor of s and 132.
12
Let s = -4875 + 5575. Suppose 0 = -3*j + 4*j - 75. Let o be s/j*3*1. Calculate the greatest common factor of 4 and o.
4
Let j(m) = 11*m**2 + 8*m + 20. Let x(s) = -9*s**2 - 8*s - 21. Let a(z) = 5*j(z) + 6*x(z). Let f be a(-6). Calculate the greatest common divisor of f and 203.
29
Suppose -2*m + 3*h = -990, -1482 = -3*m - 299*h + 304*h. Calculate the highest common factor of m and 120.
24
Suppose 5*i = 3*i + 282. Suppose 1847 = 19*c + 61. What is the highest common divisor of c and i?
47
Let s(d) = 422*d + 694. Let x be s(17). Calculate the greatest common divisor of x and 28.
28
Let i = 2 - -10. Suppose 4*b + 72 = i*b. Calculate the highest common factor of b and 9.
9
Let w(f) = 23*f - 173. Let v be w(8). Let b(u) = 51*u - 1. Let q be b(1). Let p = -17 + q. What is the greatest common divisor of v and p?
11
Let h(r) = 2*r**2 + 2*r + 32. Let i be h(6). Let w = i + -96. Let y be (w/6)/(25/1200). Calculate the greatest common factor of y and 64.
32
Let v(o) = -6*o + 21. Let m(k) = 7*k - 20. Let f(c) = 4*m(c) + 5*v(c). Let q be f(7). Calculate the highest common divisor of q and 33.
11
Suppose 76*r - 72*r = 116. Suppose -864 = 5*s - r*s. Calculate the greatest common factor of 90 and s.
18
Suppose -75*w = -51*w - 360. Suppose 3*b = -0*b + 12. Suppose b*s + 5*r = 685, 2*s + 5*r = 315 + 40. What is the highest common factor of w and s?
15
Let j be 2/6 + (-35)/(-21). Let r be 0 + 1 + 16 + 3. Suppose r = 2*p + j*p. What is the greatest common factor of p and 10?
5
Suppose 4*b = 6*b - 3*w - 12, -b = 2*w - 20. Suppose 4*c = 2*k - 872, -k + c - 285 = -725. Calculate the greatest common divisor of b and k.
12
Let p be (-123024)/(-84) - 10*(-6)/(-105). Calculate the highest common divisor of 60 and p.
12
Let i = -3198 - -3359. Calculate the greatest common divisor of i and 115.
23
Let h(c) = 50*c - 2773. Let x be h(78). Calculate the highest common factor of x and 2576.
161
Suppose -g = 0, -q - 820 = -6*q - 3*g. Let v be (q + 1)/3 + -1. Let b be 2180/120 - (-1 - 14/(-12)). What is the highest common divisor of v and b?
18
Let i(r) = -2*r + 14. Let x be i(6). Let p be 12 + (-5)/x*2 + 1. Suppose -p*u = -6 - 2. What is the greatest common factor of u and 1?
1
Let m be 675/18*4/(-6). Let q be -1*((1 - -1) + m). Let y(g) = g**3 + 11*g**2 - 14*g + 22. Let l be y(-12). What is the greatest common divisor of l and q?
23
Let j(u) = u**2 - 6*u - 22. Let r(i) = 2*i**2 + 26*i - 18. Let v be r(-14). Let s be j(v). What is the highest common divisor of 24 and s?
6
Suppose 13*f - 434 = -f. Let y = f + -24. Calculate the highest common divisor of 2 and y.
1
Let t be (3 + -7)*(-98)/4. Let q be 45/4 - (-5)/(-20). Suppose 5*f - 59 - q = 0. What is the highest common divisor of t and f?
14
Suppose 285 = 4*d + 3*v, 24*d - 2*v = 20*d + 290. Let f be 11 + -1 - (1 - 0). What is the greatest common factor of f and d?
9
Let y(f) = -100*f + 3. Let n be y(-4). Let h = 1280 - 1267. Calculate the highest common divisor of n and h.
13
Let m(j) = -2*j + 4. Let n be m(0). Let h be 12/(-16) - (-259)/n. Calculate the highest common divisor of h and 8.
8
Let y(s) = s**3 + 20*s**2 - 26*s + 14. Suppose -38*m = -35*m + 60. Let b be y(m). Let p = -300 + b. What is the greatest common factor of 18 and p?
18
Let h = -9454 + 9688. What is the greatest common divisor of 954 and h?
18
Let h = -777 + 1040. Let y = h - 252. Calculate the highest common divisor of y and 649.
11
Suppose h + 3*q = -20*h + 34203, h - 2*q - 1618 = 0. Calculate the greatest common divisor of 1258 and h.
74
Let o = 31 + -28. Suppose 845 = -3*l - 4*c - c, 835 = -o*l + 5*c. Let h = -168 - l. Calculate the greatest common divisor of 16 and h.
16
Let h(q) be the third derivative of 25*q**4/24 - 5*q**3/6 + q**2. Let z be h(7). Let n = -1510 + 1520. What is the greatest common divisor of n and z?
10
Suppose 0 = 240*u - 256*u + 4048. What is the highest common factor of 23 and u?
23
Let g = 11405 + -11144. Calculate the highest common factor of 2436 and g.
87
Suppose 2*p - 141 = 3*s, s + 247 = 2*p + 2*p. Calculate the greatest common factor of p and 426.
6
Let c be (-9)/(-5)*5/(-12 + 259709/21641). What is the greatest common divisor of 342 and c?
171
Let t(p) = -p**3 - 17*p**2 - 2. Let w be t(-17). Let s be (w + 3)/(4/316) + 3. What is the highest common factor of 738 and s?
82
Suppose -3*h + 3745 = 3574. Calculate the greatest common divisor of 42 and h.
3
Let k(n) = n**3 - 12*n**2 - 2*n + 54. Let y be k(12). Let l(t) = -t**3 - 8*t**2 - 8*t + 5. Let o be l(-7). What is the greatest common divisor of o and y?
6
Suppose -s = -37 + 39. Let y be ((s - 33/(-9))*-18)/(-1). Let g(t) = 37*t**2 + 6*t - 21. Let j be g(3). Calculate the highest common factor of y and j.
30
Let l = 291 + -546. Let f = l - -375. Let h be (-956)/(-12) - (-2)/6. Calculate the highest common divisor of h and f.
40
Let r(y) = 5*y + 25. Let p b